{"id":2566,"date":"2017-03-20T20:09:34","date_gmt":"2017-03-20T20:09:34","guid":{"rendered":"http:\/\/www.fap-alc-ue.com\/?page_id=2566"},"modified":"2023-05-09T07:59:43","modified_gmt":"2023-05-09T05:59:43","slug":"grupos-de-reflexion-permanente","status":"publish","type":"page","link":"https:\/\/www.fap-alc-ue.com\/index.php\/sobrenosotros\/grupos-de-reflexion-permanente\/","title":{"rendered":"Grupos de Reflexion Permanente"},"content":{"rendered":"<div id=\"pl-2566\"  class=\"panel-layout\" ><div id=\"pg-2566-0\"  class=\"panel-grid panel-has-style\" ><div style=\"padding-top: 20px; \" class=\"panel-row-style panel-row-style-for-2566-0\" ><div id=\"pgc-2566-0-0\"  class=\"panel-grid-cell\" ><div id=\"panel-2566-0-0-0\" class=\"so-panel widget widget_sow-editor panel-first-child panel-last-child\" data-index=\"0\" ><div\n\t\t\t\n\t\t\tclass=\"so-widget-sow-editor so-widget-sow-editor-base\"\n\t\t\t\n\t\t>\n<div class=\"siteorigin-widget-tinymce textwidget\">\n\t<h3 class=\"widget-title\">Grupos de Reflexion Permanente<\/h3>\n<p><strong><span style=\"text-decoration: underline;\">Coordinadores:<\/span><\/strong><\/p>\n<p><strong>1. Educaci\u00f3n Superior:<\/strong><\/p>\n<p>Francisco ALDECOA - Decano, Universidad Complutense de Madrid, Espa\u00f1a<\/p>\n<p>Alain FAIRLIE - Decano,\u00a0Pontificia Universidad Catolica de Per\u00fa, Per\u00fa<\/p>\n<p><strong>2. Ciencia, Tecnolog\u00eda e Innovaci\u00f3n:<\/strong><\/p>\n<p>Beatriz Peluffo - Universidad Tecnol\u00f3gica del Uruguay<\/p>\n<p><strong>3. Vinculaciones del medio acad\u00e9mico con el Sector Productivo:<\/strong><\/p>\n<p>Celso GARRIDO - Coordinador, REDUE-ALCUE\/Universidad Aut\u00f3noma Metropolitana, M\u00e9xico<\/p>\n<p>Florence PINOT - Coordinadora, ESCP Europe \/ CERALE, Francia<\/p>\n<p><strong>4. Vinculaciones del medio acad\u00e9mico con las Pol\u00edticas P\u00fablicas:<\/strong><\/p>\n<p>Iordan Gheorghe BARBULESCU - Presidente del Senado, Universiadad Nacional de Estudios Pol\u00edticos y Administrativos, Rumania<\/p>\n<p>Marco MORENO - Decano, Universidad Central de Chile, Chile<\/p>\n<p><strong>5. Formaci\u00f3n t\u00e9cnico-profesional:<\/strong><\/p>\n<p>Beatriz Peluffo - Universidad Tecnol\u00f3gica del Uruguay, Uruguay<\/p>\n<p>Thomas Lagathu -\u00a0Director de CONCOURS SESAME, Francia<\/p>\n<p><strong>6. G\u00e9nero y participaci\u00f3n de las mujeres en el medio acad\u00e9mico:<\/strong><\/p>\n<p>Isabel Recavarren - presidenta del Foro de la Mujer EUROLAT, Peru<\/p>\n<p>Ioana Dodi - Coordinadora del Instituto de Estudios Latino Americanos de la\u00a0Universiadad Nacional de Estudios Pol\u00edticos y Administrativos, Rumania<\/p>\n<\/div>\n<\/div><\/div><\/div><\/div><\/div><\/div>","protected":false},"excerpt":{"rendered":"<p>Grupos de Reflexion Permanente Coordinadores: 1. Educaci\u00f3n Superior: Francisco ALDECOA &#8211; Decano, Universidad Complutense de Madrid, Espa\u00f1a Alain FAIRLIE &#8211;<\/p>\n<p class=\"readmore\"><a href=\"https:\/\/www.fap-alc-ue.com\/index.php\/sobrenosotros\/grupos-de-reflexion-permanente\/\" title=\"Read Grupos de Reflexion Permanente\">Read more &raquo;<\/a><\/p>\n","protected":false},"author":1,"featured_media":0,"parent":2551,"menu_order":0,"comment_status":"closed","ping_status":"closed","template":"","meta":{"footnotes":""},"class_list":["post-2566","page","type-page","status-publish","hentry"],"_links":{"self":[{"href":"https:\/\/www.fap-alc-ue.com\/index.php\/wp-json\/wp\/v2\/pages\/2566","targetHints":{"allow":["GET"]}}],"collection":[{"href":"https:\/\/www.fap-alc-ue.com\/index.php\/wp-json\/wp\/v2\/pages"}],"about":[{"href":"https:\/\/www.fap-alc-ue.com\/index.php\/wp-json\/wp\/v2\/types\/page"}],"author":[{"embeddable":true,"href":"https:\/\/www.fap-alc-ue.com\/index.php\/wp-json\/wp\/v2\/users\/1"}],"replies":[{"embeddable":true,"href":"https:\/\/www.fap-alc-ue.com\/index.php\/wp-json\/wp\/v2\/comments?post=2566"}],"version-history":[{"count":0,"href":"https:\/\/www.fap-alc-ue.com\/index.php\/wp-json\/wp\/v2\/pages\/2566\/revisions"}],"up":[{"embeddable":true,"href":"https:\/\/www.fap-alc-ue.com\/index.php\/wp-json\/wp\/v2\/pages\/2551"}],"wp:attachment":[{"href":"https:\/\/www.fap-alc-ue.com\/index.php\/wp-json\/wp\/v2\/media?parent=2566"}],"curies":[{"name":"wp","href":"https:\/\/api.w.org\/{rel}","templated":true}]}}

<div id="pl-2566"  class="panel-layout" ><div id="pg-2566-0"  class="panel-grid panel-has-style" ><div style="padding-top: 20px; " class="panel-row-style panel-row-style-for-2566-0" ><div id="pgc-2566-0-0"  class="panel-grid-cell" ><div id="panel-2566-0-0-0" class="so-panel widget widget_sow-editor panel-first-child panel-last-child" data-index="0" ><div
			
			class="so-widget-sow-editor so-widget-sow-editor-base"
			
		>
<div class="siteorigin-widget-tinymce textwidget">
	<h3 class="widget-title">Grupos de Reflexion Permanente</h3>
<p><strong><span style="text-decoration: underline;">Coordinadores:</span></strong></p>
<p><strong>1. Educación Superior:</strong></p>
<p>Francisco ALDECOA - Decano, Universidad Complutense de Madrid, España</p>
<p>Alain FAIRLIE - Decano, Pontificia Universidad Catolica de Perú, Perú</p>
<p><strong>2. Ciencia, Tecnología e Innovación:</strong></p>
<p>Beatriz Peluffo - Universidad Tecnológica del Uruguay</p>
<p><strong>3. Vinculaciones del medio académico con el Sector Productivo:</strong></p>
<p>Celso GARRIDO - Coordinador, REDUE-ALCUE/Universidad Autónoma Metropolitana, México</p>
<p>Florence PINOT - Coordinadora, ESCP Europe / CERALE, Francia</p>
<p><strong>4. Vinculaciones del medio académico con las Políticas Públicas:</strong></p>
<p>Iordan Gheorghe BARBULESCU - Presidente del Senado, Universiadad Nacional de Estudios Políticos y Administrativos, Rumania</p>
<p>Marco MORENO - Decano, Universidad Central de Chile, Chile</p>
<p><strong>5. Formación técnico-profesional:</strong></p>
<p>Beatriz Peluffo - Universidad Tecnológica del Uruguay, Uruguay</p>
<p>Thomas Lagathu - Director de CONCOURS SESAME, Francia</p>
<p><strong>6. Género y participación de las mujeres en el medio académico:</strong></p>
<p>Isabel Recavarren - presidenta del Foro de la Mujer EUROLAT, Peru</p>
<p>Ioana Dodi - Coordinadora del Instituto de Estudios Latino Americanos de la Universiadad Nacional de Estudios Políticos y Administrativos, Rumania</p>
</div>
</div></div></div></div></div></div>

<p>Grupos de Reflexion Permanente Coordinadores: 1. Educación Superior: Francisco ALDECOA &#8211; Decano, Universidad Complutense de Madrid, España Alain FAIRLIE &#8211;</p>
<p class="readmore"><a href="https://www.fap-alc-ue.com/index.php/sobrenosotros/grupos-de-reflexion-permanente/" title="Read Grupos de Reflexion Permanente">Read more &raquo;</a></p>
